 m(14). Let l = r + 41. Is 3535/(-20)*2*l composite?
True
Let z(h) = -194*h + 33. Let y be z(-9). Let o = y + -970. Suppose -7*x - 18 = -o. Is x a composite number?
False
Suppose 2215318 = 40*v - 1809042. Is v prime?
True
Suppose -175*m - 2*f = -176*m + 181647, 8 = -2*f. Is m prime?
True
Let z(l) = 16*l - 48. Let n(a) = 17*a - 49. Let i(w) = -3*n(w) + 4*z(w). Let y be i(0). Is (-2333)/(-5) + (-18)/y composite?
False
Let v(o) be the third derivative of o**6/60 - o**5/20 - 7*o**4/8 + 41*o**3/6 - 27*o**2. Is v(14) composite?
True
Let p(n) = -25084*n - 163. Is p(-4) prime?
False
Let f(z) = 29*z**2 + 19*z - 131. Suppose 5*n = 3*k - 58, n - 1 = -k - n. Is f(k) composite?
True
Let o be 120/140 - 160329/(-7). Suppose 112350 = 15*t + o. Is t composite?
True
Let c(o) = 3*o**3 - 2*o**2 - 9*o - 5. Let x be c(-7). Let m be (120/25)/(9/3390). Let r = m + x. Is r composite?
False
Suppose 2*z - 10*y = 3*z - 7531, 5*z - y - 37808 = 0. Is z a prime number?
True
Let z(u) = -2*u + 14. Let o be z(5). Suppose o*m = -5*s + 14, -26 = 2*s - 7*s - m. Suppose s*a - 2391 = 3*a. Is a a composite number?
False
Suppose -25*i - 26*i = 1012401. Let v = 2522 - i. Is v composite?
True
Suppose -13*m + 83760 = 7*m. Suppose 5*x = 3*l - 18226, 7*x = 3*x + 16. Let g = l - m. Is g a prime number?
False
Suppose -5*o = -0*o - 2*g + 41625, 2*g = 4*o + 33298. Let r = -4814 - o. Is r composite?
True
Let o be ((-936)/2)/(9/((-1647)/6)). Let v = 14545 - 24492. Let r = o + v. Is r a composite number?
False
Is 3*(5 - 7) - (-650955)/15 composite?
False
Suppose 4*n - 3*n = -549. Let u = n - -9530. Is u a composite number?
True
Let k = -455280 - -960857. Is k a prime number?
False
Let g(a) = -22*a**3 - a**2 + 12*a**3 + 11*a**3 + 3*a**2 - 44 + 38*a. Is g(21) a prime number?
False
Let o(m) = 2322*m**2 + m - 51. Is o(2) composite?
False
Let j be 4/20 + -5 + (-546)/30. Let f(m) = -m**3 - 20*m**2 - 16*m - 54. Is f(j) composite?
False
Let c(l) = 27*l**2 - 30*l + 2*l**3 + 14*l + 26*l + 43 - 3*l**3. Is c(25) a prime number?
True
Let l(r) = 292 - 2*r - 2*r**3 - 315 - 4*r**2 + 3*r**2 - 4*r. Is l(-6) prime?
True
Let l(a) = 6*a**2 - 24*a + 10. Let d be l(-11). Suppose 4*m - 4*z - d = 0, -z = -6*z + 5. Is m a composite number?
False
Let o = 262282 - 16511. Is o a prime number?
True
Let f = -137 + 477. Suppose 0 = -2*s + 5*h + 1879, 3403 + f = 4*s + 5*h. Is s a prime number?
True
Is ((-480)/36 - -13)/(1/(-93309)) a composite number?
True
Let m(x) = 52*x**2 - 98*x + 23. Is m(29) a composite number?
True
Let y be 6/(3 - (-385)/(-125)). Let c = y + 87. Is (-3576)/8*(-4)/c a composite number?
False
Suppose 5*c = -25 + 815. Let f = 71 + c. Let n = 815 - f. Is n composite?
True
Suppose 0*k - 6*k + 6417818 = 16*k. Is k prime?
False
Let c(v) = -23*v**3 + 7*v + 2. Let h(p) = -46*p**3 + 15*p + 3. Let a(t) = 5*c(t) - 2*h(t). Let z be -4 - (-2 + 2 + -2). Is a(z) composite?
True
Let q be 12/(-20)*20/(-6). Let y be (q/(-3))/(9/(-27)). Suppose -61 = -3*j - s, y*j - 5*s - 51 = 18. Is j a composite number?
True
Let g = -188183 - -372594. Is g a prime number?
False
Let k(u) = 2*u**3 + 148*u**2 - 55*u - 34. Is k(-43) prime?
True
Let k(z) be the second derivative of -z**5/20 - z**4/3 - 3*z**3/2 - 13*z**2/2 - 22*z + 1. Is k(-16) prime?
True
Suppose 12*y = 305244 + 1072591 + 309761. Is y a composite number?
True
Let f = -396037 + 630828. Is f a prime number?
True
Let k(i) = -7*i + 143. Let s be k(17). Is (-12)/s + 2*169038/8 a composite number?
True
Let n(x) = 3017*x + 724. Is n(47) prime?
False
Let r(n) = 3*n**2 - n - 6. Let c be r(-3). Let i = c + 98. Suppose k = -31 + i. Is k a composite number?
True
Suppose -175*v + 179*v - 5*c - 117662 = 0, 58834 = 2*v - 4*c. Suppose 11*m = v + 145080. Is m composite?
True
Suppose 0 = 22*s - 3304562 + 973288. Is s composite?
False
Suppose 5*k - k = 5*o + 194970, 2*k - 97496 = -3*o. Suppose 0 = 5*g - 4*r - k, -3*g + 8*g - r = 48730. Is g prime?
False
Suppose 32*t - 3*t - 342385 + 104846 = 0. Is t composite?
False
Let r be (-74)/(-111) + (-21632)/(-6). Is (-1)/((4/r)/((-28)/14)) prime?
False
Is (-477)/(-90) - 5 - (-3 - 5734685/50) a composite number?
True
Let o = -57 + 61. Suppose -o*q = q - 4*m - 3607, -3 = m. Is q a prime number?
True
Suppose -4*j - 2809 = 3*w - 66681, 2*j - 4*w - 31958 = 0. Is j composite?
False
Let v(u) = 18*u**2 - 87*u - 5. Let m(s) = 7*s - 100. Let z be m(16). Is v(z) a prime number?
True
Let j(b) = b**3 - 5*b**2 + 3*b - 11. Let a be j(5). Let x(c) = -c + 1. Let y be x(a). Is (-1716)/8*-27 + y/6 a prime number?
True
Let v be (-3)/(30/(-8))*(-45)/(-18). Is 8/v*(-9)/((-72)/526) composite?
False
Let s(f) = 11*f**2 - 130*f - 19. Let h be s(14). Let v = h - -3194. Is v composite?
False
Suppose -45*m + 224 = -53*m. Let s(z) = z**3 + 20*z**2 + 36*z - 8. Let j be s(m). Let y = j + 11571. Is y a composite number?
False
Let n be (-1)/(((-20)/36)/5). Let o be 3/(-2) - n/(-2). Suppose -h + u + 2200 = 0, 0 = -2*h - 0*h - o*u + 4415. Is h a prime number?
True
Let l(x) = -x - 2. Let r be l(-7). Let y(p) = p**3 + p - 3. Let u be y(0). Is 2*80 - (r + u + -3) a prime number?
False
Let c(q) = 3*q - 8. Let f be c(5). Let m(i) = -i - 1. Let x(h) = -13*h**2 + 3*h + 5. Let y(t) = -3*m(t) - x(t). Is y(f) a prime number?
False
Let g(m) = -6*m**2 - 43 + m + 5*m**2 - 24*m**2 - 3*m - m**3. Let b be g(-25). Let n(p) = p**3 + 7*p**2 - 3*p - 6. Is n(b) a composite number?
False
Let d(z) = -7 - 1545*z - 725*z - 4. Let v(u) = 4541*u + 23. Let a(l) = -13*d(l) - 6*v(l). Is a(1) a composite number?
False
Let c = -3572 + 1516. Let p = -1640 + 287. Let d = p - c. Is d a composite number?
True
Suppose 23376 = 14*m - 262168. Suppose -9*w = m - 68573. Is w prime?
False
Suppose 22*a - 17*a = -5*d + 190050, -5*d + 152042 = 4*a. Let y = a - 23755. Is y a composite number?
True
Let m = 4 + 33. Suppose -4*v + 9*v = -b + 13, 2*b - v - m = 0. Is ((-151)/2)/((-3)/b) composite?
True
Suppose -26*v + 90 + 40 = 0. Suppose -1702 = -5*g + u, v*g - 6*u - 1699 = -4*u. Is g a prime number?
False
Let g = -213 - -217. Suppose 3*l - g*z - 106063 = -0*z, -141411 = -4*l - z. Is l a composite number?
False
Let z(r) = -r**2 + 3*r + 6. Let o be z(-3). Let y(i) = i + 12. Let m be y(o). Is -4 - (m - 297 - 2) prime?
False
Suppose -3162*i + 2328233 = -3079*i. Is i composite?
False
Suppose 5*n - 5*p = 681620, n - 3*p - 47337 - 88997 = 0. Is n composite?
False
Let p be 0/(-1 + (-3 - -2)). Suppose p = -5*w - 610 + 6770. Suppose -w = -3*g + 1627. Is g prime?
True
Suppose -7*m = 4*m. Is -5 + (m - -7) + 6736 + -1 prime?
True
Is -4*11/(-66)*1433802/4 prime?
True
Let d be -30*-1*21752/40. Let m = d - 9481. Is m prime?
True
Let j(o) = 109943*o + 11. Is j(4) a composite number?
True
Let c(o) be the second derivative of 4*o - 1/3*o**4 + 2/3*o**3 - 1/2*o**2 + 0 - 1/20*o**5. Is c(-6) a composite number?
False
Is 1/(-1 - (-2)/4 - 20718604/(-41436520)) prime?
False
Let s(v) = -v**3 - 6*v**2 - 11*v - 9. Let w be s(-4). Suppose -b + 41308 = 4*c, 2*b - 6*b + 30981 = w*c. Is c a composite number?
True
Let h be 0 + 8249 + -4 + 3. Suppose 2*c - 10*c - h = 0. Let n = c + 1572. Is n a composite number?
False
Let c(h) = 157*h**2 + 921*h + 77. Is c(87) a prime number?
True
Suppose -37 = s - 18. Let z(h) = -h**3 - 19*h**2 + 3. Let t be z(s). Suppose 4*d = -4*g + 1032, -t*d = d - 3*g - 1039. Is d a composite number?
True
Let o = 18 + -13. Suppose o*v = 25, -g - 4*v = -3*g + 712. Let u = g + -179. Is u a prime number?
False
Let f(t) = -3614*t - 2445. Is f(-19) a composite number?
False
Let f(u) = -u + 19. Let n be f(6). Suppose p = 3*z - 3*p - n, z + 4*p = -1. Suppose z*h - 536 = -2. Is h a prime number?
False
Let c(y) be the third derivative of y**4/6 + 25*y**3/3 - 23*y**2. Let g be c(-12). Is (1657/g)/(5/10) a prime number?
True
Let t = 21 + -31. Let r(v) = v**2 + 8*v - 24. Let w be r(t). Is -3 - (170 + -2)/w a composite number?
True
Let r(x) = -22*x - 2. Let b be r(-1). Suppose -w = -5*y - 18, -b = w + w + 4*y. Is -347*(-5 - (3 + w - 1)) a composite number?
True
Let s(n) = 6820*n**2 + 207*n - 38. Is s(7) a composite number?
False
Suppose -3*r - 2*q + 723 = 0, -30*r = -26*r - 3*q - 930. Let i be 2*1/2 + 2. Suppose 2*u - 571 - r = i*n, -3*u - 5*n = -1193. Is u a composite number?
False
Suppose -o + 1940 = -5*d - 307, -5*d - 2*o = 2241. Let j = -367 - d. Is j pri